Let m(k) = -44*k**2 - 3513*k - 6359. What is m(-78)?
-41
Let z(m) = -1648*m + 10013. What is z(6)?
125
Let f(o) = 13*o**2 + 90*o - 776. Give f(-12).
16
Let f(t) = -t**2 - 3502*t + 1239630. Determine f(324).
6
Let w(q) = 440*q + 56636. Determine w(-128).
316
Let l(f) = -710*f**2 + 2459*f - 977. Give l(3).
10
Let r(h) = -3249*h - 3182. Determine r(-1).
67
Let u(a) = a**3 + 47*a**2 - 122*a - 11227. Determine u(-44).
-51
Let c(u) = -2187*u - 59070. Give c(-27).
-21
Let h(r) = 5045*r**2 - 3*r + 6. Give h(1).
5048
Let d(x) = -x**2 + 73*x + 8755. Give d(137).
-13
Let a(g) = 4*g**3 + 540*g**2 - 540*g + 339. Give a(-136).
-205
Let o(x) = 27*x**3 - 744*x**2 - 321*x - 257. Give o(28).
163
Let f(o) = -3*o**3 + 29*o**2 - 35*o + 236. Determine f(13).
-1909
Let l(x) = 5716*x - 6007511. Determine l(1051).
5
Let r(z) = z**2 - 1856*z + 88478. Determine r(49).
-65
Let f(z) = 24231*z - 193871. Give f(8).
-23
Let h(a) = -177071*a - 4957992. What is h(-28)?
-4
Let s(x) = -7*x**3 + 142*x**2 - 330*x + 5805. Determine s(20).
5
Let i(k) = 3430*k - 689672. Calculate i(201).
-242
Let s(l) = 1858*l + 98820. Calculate s(-53).
346
Let s(b) = b**2 - 97*b + 68. Give s(-9).
1022
Let a(l) = -3*l**3 - 54*l**2 + 385*l - 35. What is a(-24)?
1093
Let q(w) = -1787*w**2 - 10909*w - 1103. Determine q(-6).
19
Let c(d) = -2*d**3 + 82*d**2 - 184*d - 2041. What is c(7)?
3
Let n(g) = -2*g**3 - 161*g**2 - 536*g + 216. Determine n(-77).
-15
Let u(o) = o**3 + 17*o**2 + 62*o - 68. Give u(-7).
-12
Let u(b) = -77442*b + 5730729. Give u(74).
21
Let x(j) = -1071*j + 39610. What is x(37)?
-17
Let k(m) = -32*m**3 + 3*m**2 - 5*m + 18. Give k(-3).
924
Let b(n) = 70*n - 5153. Determine b(58).
-1093
Let j(m) = -821*m**2 - 21350*m - 114. Calculate j(-26).
-10
Let k(r) = 2*r**3 - 24*r**2 - 578*r + 6487. What is k(11)?
-113
Let i(c) = -7269*c - 3787173. Determine i(-521).
-24
Let a(q) = -1932*q**2 + 7722*q - 2. Calculate a(4).
-26
Let g(a) = -3*a**2 + 70*a + 13459. Give g(-56).
131
Let u(k) = -187*k + 36349. Determine u(194).
71
Let u(d) = 6*d**3 - 59*d**2 + 130*d + 3. Calculate u(3).
24
Let k(c) = 18*c**3 + 409*c**2 + 1588*c + 7. Give k(-5).
42
Let q(j) = 4*j**3 - 23*j**2 + 1139*j - 5616. Determine q(5).
4
Let k(m) = 511*m**2 + 3523*m + 198. What is k(-7)?
576
Let g(j) = -2*j**3 - 2*j**2 - 308*j - 1899. What is g(-6)?
309
Let s(f) = 2*f**3 + 12*f**2 - 367*f - 3246. Give s(-9).
-429
Let w(p) = -11*p**3 - 82*p**2 - 81*p + 97. Determine w(-6).
7
Let y(o) = 5*o**2 + 351*o - 705. What is y(2)?
17
Let n(y) = -1976*y + 411018. Give n(208).
10
Let s(u) = 3379*u**2 + 270319*u - 89. Determine s(-80).
-9
Let n(d) = -d**3 - 40*d**2 - 79*d - 1713. Give n(-39).
-153
Let q(y) = y**2 + 559*y + 7526. Give q(0).
7526
Let y(o) = -10099*o - 484192. Give y(-48).
560
Let l(b) = -84422*b + 2026120. What is l(24)?
-8
Let v(y) = -5465*y - 70649. Determine v(-13).
396
Let t(l) = -5*l**2 - 1704*l + 22610. Calculate t(13).
-387
Let v(m) = 2*m**2 + 202*m - 59332. Calculate v(-230).
8
Let x(c) = 130*c**2 - 526*c - 14. Give x(4).
-38
Let r(t) = 4*t**3 - 15*t**2 - 1362*t + 7834. Calculate r(17).
-3
Let h(u) = -947*u**2 - 28398*u + 360. What is h(-30)?
0
Let o(c) = c**3 + 27*c**2 - 4061*c - 112971. Give o(-28).
-47
Let w(x) = -31935*x + 255365. What is w(8)?
-115
Let j(r) = -5952*r - 184507. Determine j(-31).
5
Let o(q) = 298*q - 66225. Calculate o(222).
-69
Let b(h) = -152537*h - 915224. What is b(-6)?
-2
Let p(y) = -24521*y + 171681. Calculate p(7).
34
Let w(d) = d**2 + 5486*d + 3760452. Give w(-803).
3
Let d(a) = -5060*a - 56226. Calculate d(-11).
-566
Let s(k) = -8538*k + 170943. Calculate s(20).
183
Let i(n) = -15830*n + 189842. Calculate i(12).
-118
Let z(q) = q**3 - 169*q**2 + 681*q - 1447. Determine z(165).
2018
Let l(p) = -p**3 + 1317*p**2 - 40430*p + 725298. Determine l(1286).
-6
Let j(s) = 5*s**2 - 1349*s + 2429. Give j(268).
17
Let l(x) = x**3 - 33*x**2 + 4364*x - 133337. Determine l(31).
25
Let q(s) = 12*s**3 - 16*s**2 - 788*s - 4681. Determine q(-6).
-3121
Let r(c) = c**3 + 8*c**2 - 14*c - 555. What is r(7)?
82
Let x(w) = -w**2 - 1071*w - 126368. Calculate x(-135).
-8
Let m(k) = -431*k**2 - 117*k + 127. Determine m(1).
-421
Let p(k) = k**2 - 9518*k + 171000. Determine p(18).
0
Let m(z) = 17*z**2 + 1745*z - 101. Calculate m(-101).
-2929
Let v(w) = -w**3 - w**2 - 3134*w - 21854. Give v(-7).
378
Let p(o) = -783*o - 219248. Give p(-280).
-8
Let k(i) = -8*i + 74. What is k(217)?
-1662
Let w(p) = 2*p**2 + 304*p - 19662. What is w(49)?
36
Let f(c) = 9261*c - 9497. Give f(1).
-236
Let n(k) = -615*k - 102014. Calculate n(-166).
76
Let a(f) = -2*f**2 - 481*f + 5190. What is a(11)?
-343
Let r(i) = -551*i - 168222. Calculate r(-305).
-167
Let n(o) = 2500*o**2 + 25002*o + 38. What is n(-10)?
18
Let t(m) = 2*m**2 - 540*m + 3684. What is t(7)?
2
Let g(i) = -457*i**2 - 25068*i - 25067. Calculate g(-1).
-456
Let z(g) = -2*g**2 - 857*g + 7970. Determine z(9).
95
Let l(f) = 4*f**3 + 42*f**2 + 1093*f + 12267. What is l(-11)?
2
Let n(x) = 5180*x + 11533. Calculate n(-2).
1173
Let o(v) = v**3 - 935*v**2 + 157796*v - 438. What is o(221)?
4
Let p(g) = 2*g**3 + 84*g**2 + 770*g + 22. What is p(-11)?
-946
Let j(g) = -3*g**3 - 271*g**2 + 465*g + 196. Give j(-92).
-264
Let u(k) = k**2 + 206*k + 10465. Determine u(-91).
0
Let w(u) = -u**2 + 282*u + 91005. Determine w(-192).
-3
Let s(l) = -12*l**2 - 189*l - 633. Calculate s(-11).
-6
Let t(c) = 194*c - 4344. Determine t(21).
-270
Let k(h) = -h**3 + 9*h**2 + 61135*h - 428042. Calculate k(7).
1
Let g(c) = 5*c**2 + 21*c + 11. Calculate g(-1).
-5
Let p(v) = -34640*v**2 - 34648*v. Determine p(-1).
8
Let q(u) = 653*u - 1060. Calculate q(4).
1552
Let b(c) = -17*c**3 + 56*c**2 + 7*c - 74. Determine b(3).
-8
Let m(l) = -2*l + 1174. Calculate m(-316).
1806
Let d(u) = -96250*u - 577494. Determine d(-6).
6
Let b(m) = 11*m**3 - 29*m**2 + 47*m - 22. Determine b(1).
7
Let b(s) = 14*s**2 - 5493*s + 7457. Determine b(391).
28
Let s(b) = -97603*b + 97612. Determine s(1).
9
Let u(i) = 2*i**3 + 2453*i**2 + 82251*i + 3586. Give u(-1192).
10
Let w(t) = -t**2 - 80*t - 1462. Give w(-44).
122
Let p(o) = -o**2 - 2015*o + 5. What is p(0)?
5
Let j(u) = u**3 + 278*u**2 - 282*u - 1167. What is j(-279)?
-330
Let r(k) = -1034*k - 73181. Calculate r(-71).
233
Let w(t) = 86*t**2 - 23991*t + 426. Determine w(279).
1263
Let u(q) = q**3 - 20*q**2 + 2*q - 40. What is u(20)?
0
Let t(u) = u**3 + 8*u**2 + 4*u - 30. Determine t(-6).
18
Let f(b) = -b**3 + 281*b**2 - 4165*b - 1244. Determine f(16).
-44
Let o(d) = d**2 + 927*d + 32653. What is o(-37)?
-277
Let b(q) = -1137072*q + 2274146. Give b(2).
2
Let o(x) = 5*x**3 + 288*x**2 + 181*x - 198. Calculate o(-57).
-768
Let y(d) = 9*d**2 - 18923*d + 56708. What is y(3)?
20
Let q(j) = j**3 - 6*j**2 - 637*j + 4061. Calculate q(25).
11
Let c(o) = o**3 - 229*o**2 + 503*o - 11188. What is c(227)?
-65
Let n(y) = -y**2 + 2287*y + 955925. Determine n(-361).
-3
Let b(o) = -4443*o - 284348. Give b(-64).
4
Let l(a) = 5*a**2 - 35*a - 1702. Determine l(-16).
138
Let x(z) = 2*z**3 + 304*z**2 - 30*z - 4564. What is x(-152)?
-4
Let q(d) = d**3 + 3963*d**2 - 27819*d + 182. Give q(7).
-21
Let l(q) = 12652*q + 15270968. Give l(-1207).
4
Let x(c) = 6659*c - 66058. What is x(10)?
532
Let a(h) = -61*h**2 + 1567*h - 62. What is a(26)?
-556
Let q(f) = 97*f**2 + 301*f - 1. Give q(0).
-1
Let m(n) = -406*n + 78412. Give m(193).
54
Let o(r) = -r**3 - 75*r**2 - 1236*r + 849. Give o(-26).
-139
Let g(a) = 337*a**2 - 21905*a + 20. What is g(65)?
20
Let b(d) = -d**3 - 30*d**2 - 60*d + 1172. Determine b(-9).
11
Let o(m) = m**3 - 40*m**2 + 408*m - 95. Calculate o(20).
65
Let b(p) = 48*p - 7338. Give b(130).
-1098
Let u(x) = 127*x**2 - 5463*x + 84. What is u(43)?
-2
Let n(c) = 23725*c - 96. Give n(0).
-96
Let o(x) = -x**3 + 117*x**2 - 1799*x - 110. What is o(18)?
-416
Let i(b) = -b**2 + 84*b + 1748. Calculate i(-21).
-457
Let o(a) = 2*a**3 - 457*a**2 + 26029*a - 18133. What is o(103)?
-5
Let b(h) = -704*h**2 + 33176*h - 33176. Calculate b(1).
-704
Let d(l) = -414*l + 153553. Determine d(371).
-41
Let k(g) = 7791*g + 1643817. What is k(-211)?
-84
Let z(t) = 1307*t + 6838. Give z(-5).
303
Let o(z) = -423*z + 5531. What is o(12)?
455
Let q(k) = k**2 - 207*k + 8974. Calculate q(53).
812
Let n(z) = z**2 + 63931*z + 3257885. Determine n(-